{"id":3602,"date":"2021-01-27T18:50:32","date_gmt":"2021-01-27T17:50:32","guid":{"rendered":"https:\/\/fexkarate.com\/saluda\/"},"modified":"2026-03-31T11:08:36","modified_gmt":"2026-03-31T10:08:36","slug":"saluda","status":"publish","type":"page","link":"https:\/\/fexkarate.com\/?page_id=3602","title":{"rendered":"Saluda"},"content":{"rendered":"<h2 style=\"margin: 0cm;text-align: center;background: white;vertical-align: baseline\" align=\"center\"><em><b><span style=\"font-family: 'Arial',sans-serif;color: black;border: none windowtext 1.0pt;padding: 0cm\"><a href=\"mailto:Bienvenid@s%20a%20la%20Web%20de%20la%20Federaci%C3%B3n%20Extreme%C3%B1a%20de%20Karate%20y%20D.A.\"><span style=\"color: black;font-style: normal;text-decoration: none\">Bienvenid@ a la Web de la Federaci\u00f3n Extreme\u00f1a de Karate y D.A.<\/span><\/a><\/span><\/b><\/em><\/h2>\n<p style=\"text-align: center\"><img class=\"lazyload\" decoding=\"async\" src=\"data:image\/svg+xml,%3Csvg%20xmlns%3D%27http%3A%2F%2Fwww.w3.org%2F2000%2Fsvg%27%20width%3D%27150%27%20height%3D%27225%27%20viewBox%3D%270%200%20150%20225%27%3E%3Crect%20width%3D%27150%27%20height%3D%27225%27%20fill-opacity%3D%220%22%2F%3E%3C%2Fsvg%3E\" data-orig-src=\"https:\/\/fexkarate.com\/wp-content\/uploads\/2021\/01\/2021-01-01_saluda-2.png\" alt=\"\" \/><em><span style=\"font-family: 'Arial',sans-serif;color: #666666;border: none windowtext 1.0pt;padding: 0cm\">\u00a0<\/span><\/em><\/p>\n<p style=\"margin: 0cm;text-align: justify;background: white;vertical-align: baseline\"><em><span style=\"font-size: 11.0pt;font-family: 'Arial',sans-serif;color: #666666;border: none windowtext 1.0pt;padding: 0cm\">Una vez finalizado el proceso electoral correspondiente al a\u00f1o ol\u00edmpico de 2020, nuevamente asumo el reto de dirigir esta Federaci\u00f3n por un periodo de cuatro a\u00f1os, en esta ocasi\u00f3n, bajo unas dif\u00edciles condiciones que nos ha impuesto el Covid-19.<\/span><\/em><\/p>\n<p style=\"margin: 0cm;text-align: justify;background: white;vertical-align: baseline\"><em><span style=\"font-size: 11.0pt;font-family: 'Arial',sans-serif;color: #666666;border: none windowtext 1.0pt;padding: 0cm\">\u00a0<\/span><\/em><\/p>\n<p style=\"margin: 0cm;text-align: justify;background: white;vertical-align: baseline\"><em><span style=\"font-size: 11.0pt;font-family: 'Arial',sans-serif;color: #666666;border: none windowtext 1.0pt;padding: 0cm\">Antes de que se convocaran las elecciones consult\u00e9 con todo el equipo federativo y juntos decidimos que no era el momento de \u201cabandonar el barco\u201d, que la situaci\u00f3n era especialmente compleja y que por responsabilidad deber\u00edamos intentar seguir gestionando la Federaci\u00f3n Extreme\u00f1a de Karate y D.A.<\/span><\/em><\/p>\n<p style=\"margin: 0cm;text-align: justify;background: white;vertical-align: baseline\"><em><span style=\"font-size: 11.0pt;font-family: 'Arial',sans-serif;color: #666666;border: none windowtext 1.0pt;padding: 0cm\">\u00a0<\/span><\/em><\/p>\n<p style=\"margin: 0cm;text-align: justify;background: white;vertical-align: baseline\"><em><span style=\"font-size: 11.0pt;font-family: 'Arial',sans-serif;color: #666666;border: none windowtext 1.0pt;padding: 0cm\">Deseamos que esta Web sea una \u00f3ptima v\u00eda de acceso a toda la informaci\u00f3n (noticias, cursos, campeonatos, etc.) que se generan en torno al mundo del Karate. Para-Karate y las D.A.<\/span><\/em><\/p>\n<p style=\"margin: 0cm;text-align: justify;background: white;vertical-align: baseline\"><em><span style=\"font-size: 11.0pt;font-family: 'Arial',sans-serif;color: #666666;border: none windowtext 1.0pt;padding: 0cm\">\u00a0<\/span><\/em><\/p>\n<p style=\"text-align: justify;background: white;margin: 0cm 0cm 6.9pt 0cm\"><span style=\"font-size: 11.0pt;font-family: 'Arial',sans-serif;color: #333333\">Reitero<span>\u00a0 <\/span>que todo lo conseguido hasta ahora, es fruto del trabajo de muchas personas. De los que est\u00e1n actualmente ocupando cargos t\u00e9cnicos y deportivos, y de los que, por una u otra raz\u00f3n, dejaron esos cargos, del inestimable apoyo institucional, y de tod@s los familiares de nuestros deportistas, jueces, \u00e1rbitros y t\u00e9cnicos, que engrandec\u00e9is con vuestro apoyo y presencia todas y cada una de nuestras iniciativas. Todo ello supone, para quienes tenemos la responsabilidad de dirigir este grupo, un inestimable refuerzo moral que nos empuja a buscar, con ilusi\u00f3n renovada, nuevos retos.<\/span><\/p>\n<p style=\"margin: 0cm;text-align: justify;background: white;vertical-align: baseline\"><em><span style=\"font-size: 11.0pt;font-family: 'Arial',sans-serif;color: #666666;border: none windowtext 1.0pt;padding: 0cm\">\u00a0<\/span><\/em><\/p>\n<p style=\"margin: 0cm;text-align: justify;background: white;vertical-align: baseline\"><em><span style=\"font-size: 11.0pt;font-family: 'Arial',sans-serif;color: #666666;border: none windowtext 1.0pt;padding: 0cm\">Un cordial saludo para toda <\/span><\/em><span style=\"font-size: 11.0pt;font-family: 'Arial',sans-serif;color: #32373d\">la gran familia del Karate, Para-Karate y Disciplinas Asociadas.<\/span><\/p>\n<p style=\"margin: 0cm;text-align: center;background: white;vertical-align: baseline\" align=\"center\"><em><span style=\"font-size: 11.0pt;font-family: 'Arial',sans-serif;color: #666666;border: none windowtext 1.0pt;padding: 0cm\">\u00a0<\/span><\/em><\/p>\n<p style=\"margin: 0cm;text-align: center;background: white;vertical-align: baseline\" align=\"center\"><em><span style=\"font-size: 11.0pt;font-family: 'Arial',sans-serif;color: #666666;border: none windowtext 1.0pt;padding: 0cm\">Un fuerte abrazo.<\/span><\/em><\/p>\n<p style=\"margin: 0cm;text-align: center;background: white;vertical-align: baseline\" align=\"center\"><em><span style=\"font-size: 11.0pt;font-family: 'Arial',sans-serif;color: #666666;border: none windowtext 1.0pt;padding: 0cm\">Daniel Tim\u00f3n Caperote\u00bb<\/span><\/em><\/p>\n<p style=\"margin: 0cm;text-align: center;background: white;vertical-align: baseline\" align=\"center\"><em><span style=\"font-size: 11.0pt;font-family: 'Arial',sans-serif;color: #666666;border: none windowtext 1.0pt;padding: 0cm\">C\u00e1ceres, Enero 2021<\/span><\/em><\/p>\n","protected":false},"excerpt":{"rendered":"<p>Bienvenid@ a la Web de la Federaci\u00f3n Extreme\u00f1a de Karate y D.A. \u00a0 Una vez finalizado el proceso electoral correspondiente al a\u00f1o ol\u00edmpico de 2020, nuevamente asumo el reto de dirigir esta Federaci\u00f3n por un periodo de cuatro a\u00f1os, en esta ocasi\u00f3n, bajo unas dif\u00edciles condiciones que nos ha impuesto el Covid-19. \u00a0 Antes de&hellip;<\/p>\n","protected":false},"author":2,"featured_media":0,"parent":0,"menu_order":0,"comment_status":"closed","ping_status":"closed","template":"","meta":{"footnotes":""},"class_list":["post-3602","page","type-page","status-publish","hentry"],"_hostinger_reach_plugin_has_subscription_block":false,"_hostinger_reach_plugin_is_elementor":false,"_links":{"self":[{"href":"https:\/\/fexkarate.com\/index.php?rest_route=\/wp\/v2\/pages\/3602","targetHints":{"allow":["GET"]}}],"collection":[{"href":"https:\/\/fexkarate.com\/index.php?rest_route=\/wp\/v2\/pages"}],"about":[{"href":"https:\/\/fexkarate.com\/index.php?rest_route=\/wp\/v2\/types\/page"}],"author":[{"embeddable":true,"href":"https:\/\/fexkarate.com\/index.php?rest_route=\/wp\/v2\/users\/2"}],"replies":[{"embeddable":true,"href":"https:\/\/fexkarate.com\/index.php?rest_route=%2Fwp%2Fv2%2Fcomments&post=3602"}],"version-history":[{"count":1,"href":"https:\/\/fexkarate.com\/index.php?rest_route=\/wp\/v2\/pages\/3602\/revisions"}],"predecessor-version":[{"id":3604,"href":"https:\/\/fexkarate.com\/index.php?rest_route=\/wp\/v2\/pages\/3602\/revisions\/3604"}],"wp:attachment":[{"href":"https:\/\/fexkarate.com\/index.php?rest_route=%2Fwp%2Fv2%2Fmedia&parent=3602"}],"curies":[{"name":"wp","href":"https:\/\/api.w.org\/{rel}","templated":true}]}}