{"id":4242,"date":"2026-04-23T12:10:30","date_gmt":"2026-04-23T11:10:30","guid":{"rendered":"https:\/\/fexkarate.com\/?page_id=4242"},"modified":"2026-04-23T18:07:05","modified_gmt":"2026-04-23T17:07:05","slug":"transparencia","status":"publish","type":"page","link":"https:\/\/fexkarate.com\/?page_id=4242","title":{"rendered":"Transparencia"},"content":{"rendered":"<div class=\"fusion-fullwidth fullwidth-box fusion-builder-row-1 fusion-flex-container has-pattern-background has-mask-background nonhundred-percent-fullwidth non-hundred-percent-height-scrolling\" style=\"--awb-border-radius-top-left:0px;--awb-border-radius-top-right:0px;--awb-border-radius-bottom-right:0px;--awb-border-radius-bottom-left:0px;--awb-flex-wrap:wrap;\" ><div class=\"fusion-builder-row fusion-row fusion-flex-align-items-flex-start fusion-flex-content-wrap\" style=\"max-width:1185.6px;margin-left: calc(-4% \/ 2 );margin-right: calc(-4% \/ 2 );\"><div class=\"fusion-layout-column fusion_builder_column fusion-builder-column-0 fusion_builder_column_1_1 1_1 fusion-flex-column\" style=\"--awb-bg-size:cover;--awb-width-large:100%;--awb-margin-top-large:0px;--awb-spacing-right-large:1.92%;--awb-margin-bottom-large:20px;--awb-spacing-left-large:1.92%;--awb-width-medium:100%;--awb-order-medium:0;--awb-spacing-right-medium:1.92%;--awb-spacing-left-medium:1.92%;--awb-width-small:100%;--awb-order-small:0;--awb-spacing-right-small:1.92%;--awb-spacing-left-small:1.92%;\"><div class=\"fusion-column-wrapper fusion-column-has-shadow fusion-flex-justify-content-flex-start fusion-content-layout-column\"><div class=\"fusion-text fusion-text-1\"><p data-start=\"70\" data-end=\"261\">Nos comprometemos con la transparencia y el acceso a la informaci\u00f3n, de acuerdo con la <span class=\"hover:entity-accent entity-underline inline cursor-pointer align-baseline\"><span class=\"whitespace-normal\">Ley 19\/2013, de transparencia, acceso a la informaci\u00f3n p\u00fablica y buen gobierno<\/span><\/span> y la normativa aplicable en <span class=\"hover:entity-accent entity-underline inline cursor-pointer align-baseline\"><span class=\"whitespace-normal\">Extremadura<\/span><\/span>.<\/p>\n<p data-start=\"263\" data-end=\"455\">Ponemos a disposici\u00f3n de la ciudadan\u00eda informaci\u00f3n clara, actualizada y accesible sobre nuestra actividad, garantizando el derecho de acceso a la informaci\u00f3n p\u00fablica y una gesti\u00f3n responsable.<\/p>\n<\/div><div class=\"fusion-separator fusion-has-icon fusion-full-width-sep\" style=\"align-self: center;margin-left: auto;margin-right: auto;flex-grow:2;margin-top:10px;margin-bottom:10px;width:100%;\"><div class=\"fusion-separator-border sep-single sep-solid\" style=\"--awb-height:20px;--awb-amount:20px;border-color:var(--awb-color2);border-top-width:4px;\"><\/div><span class=\"icon-wrapper\" style=\"border-color:var(--awb-color2);background-color:rgba(255,255,255,0);font-size:16px;width: 1.75em; height: 1.75em;border-width:4px;padding:4px;margin-top:-2px\"><i class=\"fa-book fas\" style=\"font-size: inherit;color:var(--awb-color2);\" aria-hidden=\"true\"><\/i><\/span><div class=\"fusion-separator-border sep-single sep-solid\" style=\"--awb-height:20px;--awb-amount:20px;border-color:var(--awb-color2);border-top-width:4px;\"><\/div><\/div>        <div class=\"fex-dr-list \">\n                                                                <div\n                        class=\"fex-dr-browser\"\n                        data-browser='{&quot;tree&quot;:{&quot;id&quot;:78,&quot;name&quot;:&quot;Transparencia&quot;,&quot;documents&quot;:[],&quot;children&quot;:[{&quot;id&quot;:88,&quot;name&quot;:&quot;Informaci\\u00f3n econ\\u00f3mica, presupuestaria y estad\\u00edstica. (art\\u00edculo 8. de la Ley 19\\\/2013)&quot;,&quot;documents&quot;:[],&quot;children&quot;:[{&quot;id&quot;:93,&quot;name&quot;:&quot;a) Contratos con la administraci\\u00f3n&quot;,&quot;documents&quot;:[],&quot;children&quot;:[]},{&quot;id&quot;:94,&quot;name&quot;:&quot;b) Convenios&quot;,&quot;documents&quot;:[],&quot;children&quot;:[]},{&quot;id&quot;:95,&quot;name&quot;:&quot;c) Subvenciones y otras ayudas p\\u00fablicas&quot;,&quot;documents&quot;:[{&quot;id&quot;:4381,&quot;title&quot;:&quot;Resoluci\\u00f3n subvenci\\u00f3n Diputaci\\u00f3n Provincial de C\\u00e1ceres 2021&quot;,&quot;description&quot;:&quot;&quot;,&quot;type&quot;:&quot;PDF&quot;,&quot;size&quot;:&quot;275,15 KB&quot;,&quot;download_url&quot;:&quot;https:\\\/\\\/fexkarate.com\\\/wp-content\\\/uploads\\\/2026\\\/04\\\/RESOLUCION_SUBVENCION_DIPUTACION_PROVINCIAL_CACERES_2021.pdf&quot;},{&quot;id&quot;:4383,&quot;title&quot;:&quot;Resoluci\\u00f3n subvenci\\u00f3n Diputaci\\u00f3n Provincial de C\\u00e1ceres 2022&quot;,&quot;description&quot;:&quot;&quot;,&quot;type&quot;:&quot;PDF&quot;,&quot;size&quot;:&quot;593,84 KB&quot;,&quot;download_url&quot;:&quot;https:\\\/\\\/fexkarate.com\\\/wp-content\\\/uploads\\\/2026\\\/04\\\/RESOLUCION_SUBVENCION_DIPUTACION_PROVINCIAL_CACERES_2022.pdf&quot;},{&quot;id&quot;:4385,&quot;title&quot;:&quot;Resoluci\\u00f3n subvenci\\u00f3n Diputaci\\u00f3n Provincial de C\\u00e1ceres 2023&quot;,&quot;description&quot;:&quot;&quot;,&quot;type&quot;:&quot;PDF&quot;,&quot;size&quot;:&quot;197,32 KB&quot;,&quot;download_url&quot;:&quot;https:\\\/\\\/fexkarate.com\\\/wp-content\\\/uploads\\\/2026\\\/04\\\/RESOLUCION_SUBVENCION_DIPUTACION_PROVINCIAL_CACERES_2023.pdf&quot;},{&quot;id&quot;:4382,&quot;title&quot;:&quot;Resoluci\\u00f3n subvenci\\u00f3n nominativa Junta de Extremadura 2021&quot;,&quot;description&quot;:&quot;&quot;,&quot;type&quot;:&quot;PDF&quot;,&quot;size&quot;:&quot;1,28 MB&quot;,&quot;download_url&quot;:&quot;https:\\\/\\\/fexkarate.com\\\/wp-content\\\/uploads\\\/2026\\\/04\\\/RESOLUCION_SUBVENCION_NOMINATIVA_JUNTA_2021.pdf&quot;},{&quot;id&quot;:4384,&quot;title&quot;:&quot;Resoluci\\u00f3n subvenci\\u00f3n nominativa Junta de Extremadura 2022&quot;,&quot;description&quot;:&quot;&quot;,&quot;type&quot;:&quot;PDF&quot;,&quot;size&quot;:&quot;1.015,67 KB&quot;,&quot;download_url&quot;:&quot;https:\\\/\\\/fexkarate.com\\\/wp-content\\\/uploads\\\/2026\\\/04\\\/RESOLUCION_SUBVENCION_NOMINATIVA_JUNTA_2022.pdf&quot;},{&quot;id&quot;:4386,&quot;title&quot;:&quot;Resoluci\\u00f3n subvenci\\u00f3n nominativa Junta de Extremadura 2023&quot;,&quot;description&quot;:&quot;&quot;,&quot;type&quot;:&quot;PDF&quot;,&quot;size&quot;:&quot;1,16 MB&quot;,&quot;download_url&quot;:&quot;https:\\\/\\\/fexkarate.com\\\/wp-content\\\/uploads\\\/2026\\\/04\\\/RESOLUCION_SUBVENCION_NOMINATIVA_JUNTA_2023.pdf&quot;},{&quot;id&quot;:4373,&quot;title&quot;:&quot;Subvenciones a la Federaci\\u00f3n Extreme\\u00f1a de Karate y D.A. en el 2021&quot;,&quot;description&quot;:&quot;&quot;,&quot;type&quot;:&quot;PDF&quot;,&quot;size&quot;:&quot;23,78 KB&quot;,&quot;download_url&quot;:&quot;https:\\\/\\\/fexkarate.com\\\/wp-content\\\/uploads\\\/2026\\\/04\\\/subvenciones_fexk_2021.pdf&quot;}],&quot;children&quot;:[]},{&quot;id&quot;:96,&quot;name&quot;:&quot;d) Presupuestos&quot;,&quot;documents&quot;:[{&quot;id&quot;:4734,&quot;title&quot;:&quot;Circular Informativa FEXK 2022&quot;,&quot;description&quot;:&quot;&quot;,&quot;type&quot;:&quot;PDF&quot;,&quot;size&quot;:&quot;83,83 KB&quot;,&quot;download_url&quot;:&quot;https:\\\/\\\/fexkarate.com\\\/wp-content\\\/uploads\\\/2026\\\/04\\\/Circular-Informativa-FEXK-2022.pdf&quot;},{&quot;id&quot;:4736,&quot;title&quot;:&quot;Circular Informativa FEXK 2023&quot;,&quot;description&quot;:&quot;&quot;,&quot;type&quot;:&quot;PDF&quot;,&quot;size&quot;:&quot;275,52 KB&quot;,&quot;download_url&quot;:&quot;https:\\\/\\\/fexkarate.com\\\/wp-content\\\/uploads\\\/2026\\\/04\\\/Circular-Informativa-FEXK-2023.pdf&quot;},{&quot;id&quot;:4738,&quot;title&quot;:&quot;Circular Informativa FEXK 2025&quot;,&quot;description&quot;:&quot;&quot;,&quot;type&quot;:&quot;PDF&quot;,&quot;size&quot;:&quot;280,09 KB&quot;,&quot;download_url&quot;:&quot;https:\\\/\\\/fexkarate.com\\\/wp-content\\\/uploads\\\/2026\\\/04\\\/Circular-Informativa-FEXK-2025.pdf&quot;},{&quot;id&quot;:4740,&quot;title&quot;:&quot;Presupuesto Anual 2022 FEXK&quot;,&quot;description&quot;:&quot;&quot;,&quot;type&quot;:&quot;PDF&quot;,&quot;size&quot;:&quot;119,51 KB&quot;,&quot;download_url&quot;:&quot;https:\\\/\\\/fexkarate.com\\\/wp-content\\\/uploads\\\/2026\\\/04\\\/Presupuesto-Anual-2022-FEXK.pdf&quot;},{&quot;id&quot;:4742,&quot;title&quot;:&quot;Presupuesto Anual 2023 FEXK&quot;,&quot;description&quot;:&quot;&quot;,&quot;type&quot;:&quot;PDF&quot;,&quot;size&quot;:&quot;44,97 KB&quot;,&quot;download_url&quot;:&quot;https:\\\/\\\/fexkarate.com\\\/wp-content\\\/uploads\\\/2026\\\/04\\\/Presupuesto-Anual-2023-FEXK.pdf&quot;}],&quot;children&quot;:[]},{&quot;id&quot;:98,&quot;name&quot;:&quot;e) Auditor\\u00edas externas&quot;,&quot;documents&quot;:[],&quot;children&quot;:[]},{&quot;id&quot;:97,&quot;name&quot;:&quot;e) Estados de cuentas&quot;,&quot;documents&quot;:[{&quot;id&quot;:4387,&quot;title&quot;:&quot;Cuentas Anuales 2025 de la Federaci\\u00f3n Extreme\\u00f1a de Karate y D.A.&quot;,&quot;description&quot;:&quot;&quot;,&quot;type&quot;:&quot;PDF&quot;,&quot;size&quot;:&quot;131,42 KB&quot;,&quot;download_url&quot;:&quot;https:\\\/\\\/fexkarate.com\\\/wp-content\\\/uploads\\\/2026\\\/04\\\/20260409204710.pdf&quot;}],&quot;children&quot;:[]},{&quot;id&quot;:99,&quot;name&quot;:&quot;f) Retribuciones altos cargos&quot;,&quot;documents&quot;:[],&quot;children&quot;:[]}]},{&quot;id&quot;:87,&quot;name&quot;:&quot;Informaci\\u00f3n institucional, organizativa y de planificaci\\u00f3n (art\\u00edculo 6. de la Ley 19\\\/2013)&quot;,&quot;documents&quot;:[],&quot;children&quot;:[{&quot;id&quot;:89,&quot;name&quot;:&quot;Descripci\\u00f3n de funciones&quot;,&quot;documents&quot;:[],&quot;children&quot;:[]},{&quot;id&quot;:91,&quot;name&quot;:&quot;Estructura organica de la federaci\\u00f3n&quot;,&quot;documents&quot;:[{&quot;id&quot;:4355,&quot;title&quot;:&quot;Miembros Asamblea General de la Federaci\\u00f3n Extreme\\u00f1a de Karate y D.A.&quot;,&quot;description&quot;:&quot;&quot;,&quot;type&quot;:&quot;PDF&quot;,&quot;size&quot;:&quot;92,28 KB&quot;,&quot;download_url&quot;:&quot;https:\\\/\\\/fexkarate.com\\\/wp-content\\\/uploads\\\/2026\\\/04\\\/miembros_asamblea_generral_fexk.pdf&quot;},{&quot;id&quot;:4358,&quot;title&quot;:&quot;Miembros Junta Directiva de la Federaci\\u00f3n Extreme\\u00f1a de Karate y D.A.&quot;,&quot;description&quot;:&quot;&quot;,&quot;type&quot;:&quot;PDF&quot;,&quot;size&quot;:&quot;56,04 KB&quot;,&quot;download_url&quot;:&quot;https:\\\/\\\/fexkarate.com\\\/wp-content\\\/uploads\\\/2026\\\/04\\\/miembros_junta_directiva_fexk.pdf&quot;}],&quot;children&quot;:[]},{&quot;id&quot;:90,&quot;name&quot;:&quot;Normativa aplicable actualizada&quot;,&quot;documents&quot;:[{&quot;id&quot;:4359,&quot;title&quot;:&quot;Estatuto de la Federaci\\u00f3n Extreme\\u00f1a de Karate&quot;,&quot;description&quot;:&quot;&quot;,&quot;type&quot;:&quot;PDF&quot;,&quot;size&quot;:&quot;641,12 KB&quot;,&quot;download_url&quot;:&quot;https:\\\/\\\/fexkarate.com\\\/wp-content\\\/uploads\\\/2026\\\/04\\\/estatuto_fexk_2016.pdf&quot;},{&quot;id&quot;:4371,&quot;title&quot;:&quot;LEY 15\\\/2015, de 16 de abril, por la que se ordena el ejercicio de las profesiones del deporte en Extremadura.&quot;,&quot;description&quot;:&quot;&quot;,&quot;type&quot;:&quot;PDF&quot;,&quot;size&quot;:&quot;681,23 KB&quot;,&quot;download_url&quot;:&quot;https:\\\/\\\/fexkarate.com\\\/wp-content\\\/uploads\\\/2026\\\/04\\\/ley_profesiones_deporte.pdf&quot;},{&quot;id&quot;:4369,&quot;title&quot;:&quot;LEY 2\\\/1995, de 6 de abril, del Deporte de Extremadura.&quot;,&quot;description&quot;:&quot;&quot;,&quot;type&quot;:&quot;PDF&quot;,&quot;size&quot;:&quot;934,65 KB&quot;,&quot;download_url&quot;:&quot;https:\\\/\\\/fexkarate.com\\\/wp-content\\\/uploads\\\/2026\\\/04\\\/ley_deporte_extremadura.pdf&quot;},{&quot;id&quot;:4370,&quot;title&quot;:&quot;Ley Org\\u00e1nica 1\\\/1996, de 15 de enero, de Protecci\\u00f3n Jur\\u00eddica del Menor, de modificaci\\u00f3n parcial del C\\u00f3digo Civil y de la Ley de Enjuiciamiento Civil.&quot;,&quot;description&quot;:&quot;&quot;,&quot;type&quot;:&quot;PDF&quot;,&quot;size&quot;:&quot;479,54 KB&quot;,&quot;download_url&quot;:&quot;https:\\\/\\\/fexkarate.com\\\/wp-content\\\/uploads\\\/2026\\\/04\\\/ley_proteccion_menor.pdf&quot;},{&quot;id&quot;:4368,&quot;title&quot;:&quot;Reglamento Disciplinario de la Federaci\\u00f3n Extreme\\u00f1a de Karate y D.A.&quot;,&quot;description&quot;:&quot;&quot;,&quot;type&quot;:&quot;PDF&quot;,&quot;size&quot;:&quot;59,36 KB&quot;,&quot;download_url&quot;:&quot;https:\\\/\\\/fexkarate.com\\\/wp-content\\\/uploads\\\/2026\\\/04\\\/reglamento_disciplinario_fexk.pdf&quot;}],&quot;children&quot;:[]},{&quot;id&quot;:92,&quot;name&quot;:&quot;Organigrama actualizado&quot;,&quot;documents&quot;:[{&quot;id&quot;:4349,&quot;title&quot;:&quot;Organigrama de la Federaci\\u00f3n Extreme\\u00f1a de Karate y D.A.&quot;,&quot;description&quot;:&quot;&quot;,&quot;type&quot;:&quot;PDF&quot;,&quot;size&quot;:&quot;131,92 KB&quot;,&quot;download_url&quot;:&quot;https:\\\/\\\/fexkarate.com\\\/wp-content\\\/uploads\\\/2026\\\/04\\\/organigrama_fexk.pdf&quot;},{&quot;id&quot;:4354,&quot;title&quot;:&quot;Organigrama de la Federaci\\u00f3n Extreme\\u00f1a de Karate y D.A. (Actualizado 22-09-2022)&quot;,&quot;description&quot;:&quot;&quot;,&quot;type&quot;:&quot;PDF&quot;,&quot;size&quot;:&quot;575,45 KB&quot;,&quot;download_url&quot;:&quot;https:\\\/\\\/fexkarate.com\\\/wp-content\\\/uploads\\\/2026\\\/04\\\/organigrama_fexk_v2022-09-22.pdf&quot;},{&quot;id&quot;:4353,&quot;title&quot;:&quot;Organigrama de la Federaci\\u00f3n Extreme\\u00f1a de Karate y D.A. (Actualizado 27-03-2022)&quot;,&quot;description&quot;:&quot;&quot;,&quot;type&quot;:&quot;PDF&quot;,&quot;size&quot;:&quot;163,07 KB&quot;,&quot;download_url&quot;:&quot;https:\\\/\\\/fexkarate.com\\\/wp-content\\\/uploads\\\/2026\\\/04\\\/organigrama_fexk_v2022-03-27.pdf&quot;}],&quot;children&quot;:[]}]}]},&quot;selected&quot;:78,&quot;showType&quot;:true,&quot;showSize&quot;:true,&quot;showDownload&quot;:true,&quot;showDescription&quot;:false,&quot;emptyMessage&quot;:&quot;No hay documentos disponibles en esta carpeta.&quot;,&quot;labels&quot;:{&quot;openFolder&quot;:&quot;Abrir carpeta&quot;,&quot;back&quot;:&quot;Volver&quot;,&quot;download&quot;:&quot;Descargar&quot;,&quot;type&quot;:&quot;Tipo&quot;,&quot;size&quot;:&quot;Tama\\u00f1o&quot;,&quot;folderEmpty&quot;:&quot;Esta carpeta no contiene documentos ni subcarpetas.&quot;,&quot;subfolders&quot;:&quot;Subcarpetas&quot;,&quot;documents&quot;:&quot;Documentos&quot;}}'\n                    >\n                        <div class=\"fex-dr-browser__toolbar\">\n                            <button type=\"button\" class=\"fex-dr-browser__back\" hidden>Volver<\/button>\n                            <nav class=\"fex-dr-browser__breadcrumbs\" aria-label=\"Ruta de carpetas\"><\/nav>\n                        <\/div>\n                        <div class=\"fex-dr-browser__panel\">\n                            <div class=\"fex-dr-browser__folders\"><\/div>\n                            <div class=\"fex-dr-browser__documents\"><\/div>\n                        <\/div>\n                    <\/div>\n                                    <\/div>\n        \n<\/div><\/div><\/div><\/div>\n","protected":false},"excerpt":{"rendered":"","protected":false},"author":1,"featured_media":0,"parent":0,"menu_order":0,"comment_status":"closed","ping_status":"closed","template":"","meta":{"footnotes":""},"class_list":["post-4242","page","type-page","status-publish","hentry"],"_hostinger_reach_plugin_has_subscription_block":false,"_hostinger_reach_plugin_is_elementor":false,"_links":{"self":[{"href":"https:\/\/fexkarate.com\/index.php?rest_route=\/wp\/v2\/pages\/4242","targetHints":{"allow":["GET"]}}],"collection":[{"href":"https:\/\/fexkarate.com\/index.php?rest_route=\/wp\/v2\/pages"}],"about":[{"href":"https:\/\/fexkarate.com\/index.php?rest_route=\/wp\/v2\/types\/page"}],"author":[{"embeddable":true,"href":"https:\/\/fexkarate.com\/index.php?rest_route=\/wp\/v2\/users\/1"}],"replies":[{"embeddable":true,"href":"https:\/\/fexkarate.com\/index.php?rest_route=%2Fwp%2Fv2%2Fcomments&post=4242"}],"version-history":[{"count":9,"href":"https:\/\/fexkarate.com\/index.php?rest_route=\/wp\/v2\/pages\/4242\/revisions"}],"predecessor-version":[{"id":4372,"href":"https:\/\/fexkarate.com\/index.php?rest_route=\/wp\/v2\/pages\/4242\/revisions\/4372"}],"wp:attachment":[{"href":"https:\/\/fexkarate.com\/index.php?rest_route=%2Fwp%2Fv2%2Fmedia&parent=4242"}],"curies":[{"name":"wp","href":"https:\/\/api.w.org\/{rel}","templated":true}]}}