{"id":4327,"date":"2026-04-23T15:50:09","date_gmt":"2026-04-23T14:50:09","guid":{"rendered":"https:\/\/fexkarate.com\/?page_id=4327"},"modified":"2026-04-25T18:16:10","modified_gmt":"2026-04-25T17:16:10","slug":"kung-fu","status":"publish","type":"page","link":"https:\/\/fexkarate.com\/?page_id=4327","title":{"rendered":"Kung-Fu"},"content":{"rendered":"<div class=\"fusion-fullwidth fullwidth-box fusion-builder-row-1 fusion-flex-container nonhundred-percent-fullwidth non-hundred-percent-height-scrolling\" style=\"--awb-border-radius-top-left:0px;--awb-border-radius-top-right:0px;--awb-border-radius-bottom-right:0px;--awb-border-radius-bottom-left:0px;--awb-flex-wrap:wrap;\" ><div class=\"fusion-builder-row fusion-row fusion-flex-align-items-flex-start fusion-flex-content-wrap\" style=\"max-width:1185.6px;margin-left: calc(-4% \/ 2 );margin-right: calc(-4% \/ 2 );\"><div class=\"fusion-layout-column fusion_builder_column fusion-builder-column-0 fusion_builder_column_1_1 1_1 fusion-flex-column\" style=\"--awb-bg-size:cover;--awb-width-large:100%;--awb-margin-top-large:0px;--awb-spacing-right-large:1.92%;--awb-margin-bottom-large:0px;--awb-spacing-left-large:1.92%;--awb-width-medium:100%;--awb-spacing-right-medium:1.92%;--awb-spacing-left-medium:1.92%;--awb-width-small:100%;--awb-spacing-right-small:1.92%;--awb-spacing-left-small:1.92%;\"><div class=\"fusion-column-wrapper fusion-flex-justify-content-flex-start fusion-content-layout-column\"><div class=\"fusion-text fusion-text-1\"><section class=\"article\">El Kung-Fu es una de las expresiones m\u00e1s reconocidas de las artes marciales tradicionales chinas. Su pr\u00e1ctica combina t\u00e9cnica, concentraci\u00f3n, equilibrio, coordinaci\u00f3n y una profunda atenci\u00f3n al detalle.<\/p>\n<p>M\u00e1s all\u00e1 de su dimensi\u00f3n f\u00edsica, el Kung-Fu propone un camino de desarrollo personal basado en la constancia, la paciencia y el respeto. Cada movimiento requiere precisi\u00f3n, control corporal y comprensi\u00f3n del ritmo, lo que convierte el entrenamiento en una actividad completa y enriquecedora.<\/p>\n<p>En el marco de la Federaci\u00f3n Extreme\u00f1a de Karate y Disciplinas Asociadas, el Kung-Fu ocupa un espacio propio como disciplina asociada, aportando diversidad t\u00e9cnica y cultural al panorama marcial extreme\u00f1o y espa\u00f1ol.<\/p>\n<p>Su presencia dentro del \u00e1mbito federativo permite que los practicantes puedan desarrollarse en un entorno organizado, con criterios de ense\u00f1anza, progresi\u00f3n y participaci\u00f3n deportiva. En Extremadura, esta disciplina representa una oportunidad para acercarse a una tradici\u00f3n marcial de gran valor hist\u00f3rico y t\u00e9cnico.<\/p>\n<\/section>\n<\/div><div class=\"fusion-title title fusion-title-1 fusion-sep-none fusion-title-text fusion-title-size-two\" style=\"--awb-margin-top-small:0px;--awb-margin-right-small:0px;--awb-margin-bottom-small:20px;--awb-margin-left-small:0px;\"><h2 class=\"fusion-title-heading title-heading-left fusion-responsive-typography-calculated\" style=\"margin:0;text-transform:uppercase;--fontSize:30;line-height:1.5;\">Documentos<\/h2><\/div>        <div class=\"fex-dr-list \">\n                                                                <div class=\"fex-dr-list__empty\">No hay documentos disponibles en esta carpeta.<\/div>\n                                    <\/div>\n        <\/div><\/div><\/div><\/div>\n","protected":false},"excerpt":{"rendered":"","protected":false},"author":1,"featured_media":0,"parent":0,"menu_order":0,"comment_status":"closed","ping_status":"closed","template":"","meta":{"footnotes":""},"class_list":["post-4327","page","type-page","status-publish","hentry"],"_hostinger_reach_plugin_has_subscription_block":false,"_hostinger_reach_plugin_is_elementor":false,"_links":{"self":[{"href":"https:\/\/fexkarate.com\/index.php?rest_route=\/wp\/v2\/pages\/4327","targetHints":{"allow":["GET"]}}],"collection":[{"href":"https:\/\/fexkarate.com\/index.php?rest_route=\/wp\/v2\/pages"}],"about":[{"href":"https:\/\/fexkarate.com\/index.php?rest_route=\/wp\/v2\/types\/page"}],"author":[{"embeddable":true,"href":"https:\/\/fexkarate.com\/index.php?rest_route=\/wp\/v2\/users\/1"}],"replies":[{"embeddable":true,"href":"https:\/\/fexkarate.com\/index.php?rest_route=%2Fwp%2Fv2%2Fcomments&post=4327"}],"version-history":[{"count":3,"href":"https:\/\/fexkarate.com\/index.php?rest_route=\/wp\/v2\/pages\/4327\/revisions"}],"predecessor-version":[{"id":4730,"href":"https:\/\/fexkarate.com\/index.php?rest_route=\/wp\/v2\/pages\/4327\/revisions\/4730"}],"wp:attachment":[{"href":"https:\/\/fexkarate.com\/index.php?rest_route=%2Fwp%2Fv2%2Fmedia&parent=4327"}],"curies":[{"name":"wp","href":"https:\/\/api.w.org\/{rel}","templated":true}]}}